. Let v(s) = 317*s - 167. Is v(f) composite?
True
Let y be 0/(-1 - 0 - 0). Suppose -8 = 4*s - y*s. Is (-839)/(-2)*s/(-1) composite?
False
Let f(x) = -5*x**2 - 7*x + 67. Let s(k) = -6*k**2 - 8*k + 66. Let c(p) = -5*f(p) + 4*s(p). Is c(11) a composite number?
False
Let j be -1182*(-15)/90*(1 + 470). Suppose 109553 + j = 20*d. Is d prime?
False
Suppose t - 8006 = -u - 1792, 0 = u + 1. Suppose -v - 3109 = 3*i - 5*i, t = 4*i + v. Let j = i + -921. Is j prime?
False
Suppose 5*d = -0*n + 4*n + 131133, d - 26231 = 3*n. Let x be (1*(4 + -8))/(17/((-833)/28)). Suppose -x*p + 12*p = d. Is p prime?
False
Let f = 31153 + -522. Is f a composite number?
False
Let l = -18135 + 38566. Is l composite?
False
Let g be -5 + (2 - -3) - 0. Suppose 48*d - 49*d + 14189 = g. Is d prime?
False
Suppose -7 - 25 = -3*j + 5*f, 4*j - 28 = 3*f. Let z be 2/8 + 3/j - -408. Let d = -207 + z. Is d a prime number?
False
Suppose s + 3*u = 32, -u - 76 = -3*s - 0*u. Let w = s + -22. Is (3545/(-20))/(-2 - -1)*w prime?
True
Let r(b) = b**2 - 2*b + 1. Let o be r(3). Let p be 1*(2/(2/3) - o). Let y(j) = -1245*j - 4. Is y(p) composite?
True
Let j be -52 - (2/(-6))/(3/(-9)). Let g = 254 - j. Is g prime?
True
Let c(r) = 9*r + 32. Let t be c(-5). Is 18041*(2/4 + t/(-26)) a prime number?
True
Let y(u) = 94*u**2 + 67*u + 443. Is y(24) composite?
True
Let p = -298 - -941. Let h = -202 + p. Suppose 5*c + o = h, 2*c + o - 3*o - 186 = 0. Is c composite?
False
Suppose 16*b = -3*b + 16*b + 138147. Is b prime?
True
Let y(s) = -3225*s + 71. Let i be y(-4). Let m = i + -4890. Is m a composite number?
False
Let t = -16 + 20. Let z = t + 0. Suppose -3*p + k = -701, -p + 1155 = z*p - 5*k. Is p prime?
False
Let j(b) = -25 + 54*b**2 - 7*b - 17*b**2 - 18*b**2. Suppose 0 = -2*c - 4*l + 5 - 29, 0 = -c - 3*l - 15. Is j(c) a prime number?
True
Suppose -4*m + 297092 = 2*w - 24506, -m + 2 = 0. Is w composite?
True
Let i(d) = 4 - 22 - 8*d + 2*d**2 - 19 + 0*d. Let p be i(17). Suppose 48 - p = -17*u. Is u a composite number?
True
Let d = -6557 - -6561. Suppose 2*u + 7948 = 6*u. Suppose -g + u = s, -4*s + 7948 = -8*g + d*g. Is s prime?
True
Let y(p) be the third derivative of -7*p**6/120 - p**4/6 - p**3 - 49*p**2. Is y(-5) a composite number?
True
Let t = 127 + -98. Let y = t - 27. Let a(m) = 352*m**3 - 3*m**2 + 6*m - 1. Is a(y) composite?
True
Let q(v) = -4*v + 144. Let g be q(36). Is g + 32808/8 - -4 prime?
False
Suppose 5*z - 252 = -4*f, -3*z = -4*f - 13 - 151. Let s be 2/(-8) + (-393)/12. Let q = s + z. Is q composite?
False
Is 114/304*16 - (-1471073)/1 a prime number?
True
Let y(t) = t**2 + 3516. Let l(j) = j**2 + 3517. Let k(v) = 5*l(v) - 4*y(v). Let b = -132 - -132. Is k(b) a prime number?
False
Let z = 986024 - 391827. Is z a prime number?
False
Suppose -955*i - 2826565 = -957*i + 123821. Is i a composite number?
True
Let l = 80084 + -33031. Is l prime?
False
Suppose -3*z - 16*g + 20*g + 101651 = 0, 2*z - 67768 = 3*g. Is z a prime number?
False
Let w be 59*(-3)/9*(3 + 0). Let g = 178 + w. Suppose 0 = -2*o + 971 + g. Is o a prime number?
False
Suppose 96*o - 59563150 - 59820044 = -18*o. Is o prime?
False
Suppose 5*l - 102 = 12*s - 11*s, -4*l + 4*s = -88. Suppose l = 4*g, 24*x - 5439 = 20*x + g. Is x prime?
True
Suppose 0 = 29*i - 21477 - 9553. Is i - 18/((-48)/8) composite?
True
Let r be (-9)/(-30)*8 + 4/(-10). Suppose r*h = 1004 + 5322. Is h a prime number?
True
Let k(p) = -p**3 - 18*p**2 + 5*p - 10. Let s be k(-18). Let v be ((-2)/8)/(5/s). Is v/110*4 + (-11031)/(-11) a composite number?
True
Suppose 5*i - 18 = 7. Suppose 0 = 4*a - 5*m - 12, -2*m + 0*m - 32 = -i*a. Is (-25836)/a*6/(-9) a prime number?
True
Suppose 4*y = y. Suppose n - 1 = y, 3*b = 4*b + 3*n - 66. Is 20061/b + 4/7 a prime number?
False
Suppose -7*r - 1 = 6. Let j be 5 + 4 + r/2*2. Suppose -j*i - 1893 = -11*i. Is i prime?
True
Let q(v) = -v**3 + 5*v**2 - 15. Let r(w) be the second derivative of -3*w**4/4 - w**3/6 + w**2/2 - 7*w. Let f be r(-1). Is q(f) composite?
True
Let v = -50710 + 73259. Is v a prime number?
True
Let q be (6/(-4))/(12/(-32)). Suppose -2*i - 2*x = -4, -10 = -i - q*x - 2. Suppose 4*j = -3*m + 2*j + 173, i = -5*m + 2*j + 299. Is m composite?
False
Suppose 1537 = 2*s + 157. Suppose -5*i + s = -5*k + 2005, -8 = 2*i. Is k prime?
False
Let g be 15/((-15)/(-238))*103/(-2). Let l = g - -21118. Is l composite?
False
Let x = -42 - -34. Let y(p) = 6*p**2 - 46*p + 1. Is y(x) a prime number?
False
Suppose -3*z + 120 - 12 = 0. Let j = -14 + z. Suppose r - j = -3*a, 0 = -r - a + 6 + 18. Is r prime?
False
Suppose 4*y = 86*u - 83*u + 2981866, 2*y = -4*u + 1490966. Is y prime?
True
Let x(v) = 1175*v - 1602. Is x(31) a composite number?
True
Let i be (0/(-2) - (-10)/(-5))*-2. Suppose 0 = -i*n - 2*n + 9948. Is n a prime number?
False
Let h be (3/6)/(1/(-144)*-2). Suppose 1432 = h*l - 40*l. Let w = l - -693. Is w prime?
False
Let s = -22779 - -58880. Is s composite?
True
Let s(b) = -b**2 + 13*b + 11. Let q be s(14). Is 10166*8/32 + q/(-2) a prime number?
True
Suppose 166*q = 165*q + 110073. Is q prime?
False
Let d(p) = -p**2 + 11*p + 31. Let c be d(13). Let r(f) = 180*f**2 + 8*f - 27. Is r(c) a prime number?
True
Let k(l) = -l**2 + 17*l + 5. Let a be k(12). Suppose -63*u - 10 = -a*u. Suppose 5*s + o + o - 5499 = 0, 5*o - 5505 = -u*s. Is s a composite number?
True
Let v(d) = 5108*d**2 - 4*d + 3. Let u be v(1). Let c = -2386 + u. Is c a composite number?
True
Is 11 + -1 + 0 + 163525 a prime number?
False
Is 1258939 - (-6 - 0*3/15) prime?
False
Let f(v) = -4*v + 20. Let w be f(5). Suppose w = 33*k - 40*k + 17647. Is k composite?
False
Suppose -2*m + 4*c = -986850, 10*m - 6*m + 4*c - 1973748 = 0. Is m a composite number?
False
Suppose 12*t - 31*t = -78589 - 406348. Is t composite?
False
Let y = 245466 + -117659. Is y composite?
False
Let d(o) = 13052*o - 2. Let g be d(1). Let i = 909 + 1151. Suppose i = 10*k - g. Is k a prime number?
True
Let p(l) be the first derivative of 19*l**2 - 131*l + 47. Is p(23) a prime number?
True
Let j = 14252 - 13573. Let y be 2*(183 - -1)*-1. Let i = y + j. Is i a composite number?
False
Suppose a + 8 = 5*a. Let c be ((-26)/(-117))/(a/18). Suppose 2209 + 2281 = c*d. Is d a prime number?
False
Let c be 2*((-511)/(-2))/7. Suppose -c = -s + 2*s. Let d = -20 - s. Is d prime?
True
Let j(n) = -2233*n - 7746. Is j(-113) prime?
True
Let w(u) = 42*u**2 - 19*u + 108. Is w(-35) prime?
True
Let w = -1770642 - -2809463. Is w a composite number?
True
Let x be 6 - (-63)/(-14) - (-1698)/(-4). Let l = -214 - x. Is l composite?
True
Suppose 35*l - 5*p = 33*l + 104961, 0 = -3*l - 3*p + 157452. Is l a prime number?
False
Is (-220718)/(2 + (13 - 17)) a composite number?
False
Let v(c) be the third derivative of 267*c**5/5 - c**4/4 + c**3/6 + 52*c**2. Is v(1) a composite number?
True
Let v = 105 + -102. Is v - (-1623 - 18/24*-4) a prime number?
False
Suppose -7*p + 74 = 4. Let r(a) = 473*a - 304. Is r(p) a composite number?
True
Let a(r) = -61*r**2 + 54*r - 31. Let x(l) = 30*l**2 - 29*l + 16. Let t(k) = -4*a(k) - 7*x(k). Is t(5) prime?
True
Let i(m) be the first derivative of m**7/140 + 7*m**6/360 - m**5/40 - m**4/8 + 8*m**3 - 2. Let z(r) be the third derivative of i(r). Is z(5) a composite number?
False
Let o(t) = 9428*t - 2301. Is o(26) a composite number?
True
Suppose 5*n = -o - 12829, -5*o + 45*n = 48*n + 64057. Let m = -2506 - o. Is m composite?
False
Let k(m) = -73*m**3 + 8*m**2 + 42*m + 212. Is k(-7) composite?
False
Let a(r) = r**3 + 9*r**2 - 10*r + 11. Suppose 0 = 10*v + 98 + 2. Let n be a(v). Suppose -n*w = 446 - 1711. Is w composite?
True
Let w(y) = -19105*y - 123. Is w(-8) composite?
False
Let l = 114518 - -19335. Is l composite?
False
Let b = 856746 - 442453. Is b composite?
True
Is (-138125 - 48/4)*(0 + -1) prime?
False
Suppose 4*z = 3*g + 3, g + 0*z + 2*z = 9. Suppose 12023 = g*a + 74. Is a composite?
True
Let b(y) = 311842*y + 15249. Is b(8) a composite number?
True
Let f = -48 + 50. Suppose 3*l - 2*c = f*c + 8, 0 = 5*l + 4*c + 8. Suppose l*q + 4*k = 2*q - 2726, -3*q + 4088 = -5*k. Is q a composite number?
False
Suppose 2*q + 10 + 5 = 3*c, 2*c - 10 = -q. Let l(u) = 22*u**3 - 10*u**2 + 15*u + 4. Is l(c) composite?
False
Let t = 702494 + -417291. Is t a composite number?
True
Suppose 3*r + 2*i = -121124 - 5649, 3*r = 4*i 